{"id":86,"date":"2021-01-10T20:27:59","date_gmt":"2021-01-10T23:27:59","guid":{"rendered":"http:\/\/www3.cbm.df.gov.br\/carta\/?page_id=86"},"modified":"2026-04-06T15:18:16","modified_gmt":"2026-04-06T18:18:16","slug":"apresentacao-da-carta","status":"publish","type":"page","link":"https:\/\/www.cbm.df.gov.br\/carta\/","title":{"rendered":"Apresenta\u00e7\u00e3o da Carta"},"content":{"rendered":"\t\t<div data-elementor-type=\"wp-page\" data-elementor-id=\"86\" class=\"elementor elementor-86\" data-elementor-post-type=\"page\">\n\t\t\t\t\t\t<section class=\"elementor-section elementor-top-section elementor-element elementor-element-2d1fce8f elementor-section-boxed elementor-section-height-default elementor-section-height-default\" data-id=\"2d1fce8f\" data-element_type=\"section\" data-e-type=\"section\">\n\t\t\t\t\t\t<div class=\"elementor-container elementor-column-gap-default\">\n\t\t\t\t\t<div class=\"elementor-column elementor-col-100 elementor-top-column elementor-element elementor-element-2418a3d1\" data-id=\"2418a3d1\" data-element_type=\"column\" data-e-type=\"column\">\n\t\t\t<div class=\"elementor-widget-wrap elementor-element-populated\">\n\t\t\t\t\t\t<div class=\"elementor-element elementor-element-19d54ed elementor-widget elementor-widget-text-editor\" data-id=\"19d54ed\" data-element_type=\"widget\" data-e-type=\"widget\" data-widget_type=\"text-editor.default\">\n\t\t\t\t<div class=\"elementor-widget-container\">\n\t\t\t\t\t\t\t\t\t<h1 class=\"wp-block-heading\">Apresenta\u00e7\u00e3o da Carta<\/h1>\n<p><!-- \/wp:heading --><!-- wp:paragraph {\"align\":\"right\"} --><\/p>\n<p class=\"has-text-align-right\"><strong>Atualizado pela Ouvidoria do CBMDF, em 6 de abril de 2026.<\/strong><\/p>\n<p><strong>Carta de Servi\u00e7os<\/strong>, acesse aqui: <a  data-e-Disable-Page-Transition=\"true\" class=\"download-link\" title=\"\" href=\"https:\/\/www.cbm.df.gov.br\/carta\/download\/1462\/?tmstv=1777671188\" rel=\"nofollow\" id=\"download-link-1462\" data-redirect=\"false\" >\n\tCarta-de-Servicos-do-CBMDF.pdf<\/a>\n]<\/p>\n<p><!-- \/wp:paragraph --><!-- wp:paragraph --><\/p>\n<p>Carta de Servi\u00e7os ao Cidad\u00e3o \u00e9 um instrumento de controle social que facilita a sua participa\u00e7\u00e3o nas a\u00e7\u00f5es e programas do Governo do Distrito Federal. Nela voc\u00ea encontrar\u00e1 informa\u00e7\u00f5es claras e acess\u00edveis sobre os servi\u00e7os prestados por cada \u00f3rg\u00e3o e entidade Distrital. Bem informado, voc\u00ea poder\u00e1 avaliar os compromissos assumidos pelo Governo em rela\u00e7\u00e3o aos servi\u00e7os que presta. Ap\u00f3s sua leitura, solicite, questione e colabore. As informa\u00e7\u00f5es ir\u00e3o facilitar seu dia a dia.<\/p>\n<p><!-- \/wp:paragraph --><!-- wp:paragraph --><\/p>\n<p>Caso queira conhecer as demais Cartas de Servi\u00e7os, acesse o Portal do Governo do Distrito Federal\u00a0 &#8211;\u00a0<a href=\"https:\/\/www.ouvidoria.df.gov.br\/\">https:\/\/www.ouvidoria.df.gov.br\/<\/a><\/p>\n<p><!-- \/wp:paragraph --><!-- wp:paragraph --><\/p>\n<p><!-- \/wp:paragraph --><!-- wp:paragraph --><\/p>\n<p><!-- \/wp:paragraph --><!-- wp:paragraph --><\/p>\n<p>\u2013 Para registrar reclama\u00e7\u00e3o, sugest\u00e3o, elogio ou informa\u00e7\u00e3o sobre qualquer Carta de Servi\u00e7os acesse o sistema de Ouvidoria Ouv-DF\u00a0<a href=\"https:\/\/www.participa.df.gov.br\/\">https:\/\/www.participa.df.gov.br\/<\/a><\/p>\n<p><!-- \/wp:paragraph --><\/p>\n<p>\u00a0<\/p>\n<p>\u00a0<\/p>\n<p>\u00a0<\/p>\t\t\t\t\t\t\t\t<\/div>\n\t\t\t\t<\/div>\n\t\t\t\t\t<\/div>\n\t\t<\/div>\n\t\t\t\t\t<\/div>\n\t\t<\/section>\n\t\t\t\t<\/div>\n\t\t","protected":false},"excerpt":{"rendered":"<p>Apresenta\u00e7\u00e3o da Carta Atualizado pela Ouvidoria do CBMDF, em 6 de abril de 2026. Carta de Servi\u00e7os, acesse aqui: ] Carta de Servi\u00e7os ao Cidad\u00e3o \u00e9 um instrumento de controle social que facilita a sua participa\u00e7\u00e3o nas a\u00e7\u00f5es e programas do Governo do Distrito Federal. Nela voc\u00ea encontrar\u00e1 informa\u00e7\u00f5es claras e acess\u00edveis sobre os servi\u00e7os [&hellip;]<\/p>\n","protected":false},"author":1,"featured_media":0,"parent":0,"menu_order":0,"comment_status":"closed","ping_status":"closed","template":"","meta":{"ocean_post_layout":"","ocean_both_sidebars_style":"","ocean_both_sidebars_content_width":0,"ocean_both_sidebars_sidebars_width":0,"ocean_sidebar":"0","ocean_second_sidebar":"0","ocean_disable_margins":"enable","ocean_add_body_class":"","ocean_shortcode_before_top_bar":"","ocean_shortcode_after_top_bar":"","ocean_shortcode_before_header":"","ocean_shortcode_after_header":"","ocean_has_shortcode":"","ocean_shortcode_after_title":"","ocean_shortcode_before_footer_widgets":"","ocean_shortcode_after_footer_widgets":"","ocean_shortcode_before_footer_bottom":"","ocean_shortcode_after_footer_bottom":"","ocean_display_top_bar":"default","ocean_display_header":"default","ocean_header_style":"","ocean_center_header_left_menu":"0","ocean_custom_header_template":"0","ocean_custom_logo":0,"ocean_custom_retina_logo":0,"ocean_custom_logo_max_width":0,"ocean_custom_logo_tablet_max_width":0,"ocean_custom_logo_mobile_max_width":0,"ocean_custom_logo_max_height":0,"ocean_custom_logo_tablet_max_height":0,"ocean_custom_logo_mobile_max_height":0,"ocean_header_custom_menu":"0","ocean_menu_typo_font_family":"0","ocean_menu_typo_font_subset":"","ocean_menu_typo_font_size":0,"ocean_menu_typo_font_size_tablet":0,"ocean_menu_typo_font_size_mobile":0,"ocean_menu_typo_font_size_unit":"px","ocean_menu_typo_font_weight":"","ocean_menu_typo_font_weight_tablet":"","ocean_menu_typo_font_weight_mobile":"","ocean_menu_typo_transform":"","ocean_menu_typo_transform_tablet":"","ocean_menu_typo_transform_mobile":"","ocean_menu_typo_line_height":0,"ocean_menu_typo_line_height_tablet":0,"ocean_menu_typo_line_height_mobile":0,"ocean_menu_typo_line_height_unit":"","ocean_menu_typo_spacing":0,"ocean_menu_typo_spacing_tablet":0,"ocean_menu_typo_spacing_mobile":0,"ocean_menu_typo_spacing_unit":"","ocean_menu_link_color":"","ocean_menu_link_color_hover":"","ocean_menu_link_color_active":"","ocean_menu_link_background":"","ocean_menu_link_hover_background":"","ocean_menu_link_active_background":"","ocean_menu_social_links_bg":"","ocean_menu_social_hover_links_bg":"","ocean_menu_social_links_color":"","ocean_menu_social_hover_links_color":"","ocean_disable_title":"default","ocean_disable_heading":"default","ocean_post_title":"","ocean_post_subheading":"","ocean_post_title_style":"","ocean_post_title_background_color":"","ocean_post_title_background":0,"ocean_post_title_bg_image_position":"","ocean_post_title_bg_image_attachment":"","ocean_post_title_bg_image_repeat":"","ocean_post_title_bg_image_size":"","ocean_post_title_height":0,"ocean_post_title_bg_overlay":0.5,"ocean_post_title_bg_overlay_color":"","ocean_disable_breadcrumbs":"default","ocean_breadcrumbs_color":"","ocean_breadcrumbs_separator_color":"","ocean_breadcrumbs_links_color":"","ocean_breadcrumbs_links_hover_color":"","ocean_display_footer_widgets":"default","ocean_display_footer_bottom":"default","ocean_custom_footer_template":"0","footnotes":""},"folder":[],"class_list":["post-86","page","type-page","status-publish","hentry","entry"],"featured_image_urls":{"full":"","thumbnail":"","medium":"","medium_large":"","large":"","1536x1536":"","2048x2048":"","ocean-thumb-m":"","ocean-thumb-ml":"","ocean-thumb-l":""},"post_excerpt_stackable":"<p>Apresenta\u00e7\u00e3o da Carta Atualizado pela Ouvidoria do CBMDF, em 6 de abril de 2026. Carta de Servi\u00e7os, acesse aqui: Carta-de-Servicos-do-CBMDF.pdf ] Carta de Servi\u00e7os ao Cidad\u00e3o \u00e9 um instrumento de controle social que facilita a sua participa\u00e7\u00e3o nas a\u00e7\u00f5es e programas do Governo do Distrito Federal. Nela voc\u00ea encontrar\u00e1 informa\u00e7\u00f5es claras e acess\u00edveis sobre os servi\u00e7os prestados por cada \u00f3rg\u00e3o e entidade Distrital. Bem informado, voc\u00ea poder\u00e1 avaliar os compromissos assumidos pelo Governo em rela\u00e7\u00e3o aos servi\u00e7os que presta. Ap\u00f3s sua leitura, solicite, questione e colabore. As informa\u00e7\u00f5es ir\u00e3o facilitar seu dia a dia. Caso queira conhecer as demais Cartas&hellip;<\/p>\n","category_list":"","author_info":{"name":"darlan","url":"https:\/\/www.cbm.df.gov.br\/carta\/author\/darlan\/"},"comments_num":"0 coment\u00e1rio","featured_image_urls_v2":{"full":"","thumbnail":"","medium":"","medium_large":"","large":"","1536x1536":"","2048x2048":"","ocean-thumb-m":"","ocean-thumb-ml":"","ocean-thumb-l":""},"post_excerpt_stackable_v2":"<p>Apresenta\u00e7\u00e3o da Carta Atualizado pela Ouvidoria do CBMDF, em 6 de abril de 2026. Carta de Servi\u00e7os, acesse aqui: Carta-de-Servicos-do-CBMDF.pdf ] Carta de Servi\u00e7os ao Cidad\u00e3o \u00e9 um instrumento de controle social que facilita a sua participa\u00e7\u00e3o nas a\u00e7\u00f5es e programas do Governo do Distrito Federal. Nela voc\u00ea encontrar\u00e1 informa\u00e7\u00f5es claras e acess\u00edveis sobre os servi\u00e7os prestados por cada \u00f3rg\u00e3o e entidade Distrital. Bem informado, voc\u00ea poder\u00e1 avaliar os compromissos assumidos pelo Governo em rela\u00e7\u00e3o aos servi\u00e7os que presta. Ap\u00f3s sua leitura, solicite, questione e colabore. As informa\u00e7\u00f5es ir\u00e3o facilitar seu dia a dia. Caso queira conhecer as demais Cartas&hellip;<\/p>\n","category_list_v2":"","author_info_v2":{"name":"darlan","url":"https:\/\/www.cbm.df.gov.br\/carta\/author\/darlan\/"},"comments_num_v2":"0 coment\u00e1rio","_links":{"self":[{"href":"https:\/\/www.cbm.df.gov.br\/carta\/wp-json\/wp\/v2\/pages\/86","targetHints":{"allow":["GET"]}}],"collection":[{"href":"https:\/\/www.cbm.df.gov.br\/carta\/wp-json\/wp\/v2\/pages"}],"about":[{"href":"https:\/\/www.cbm.df.gov.br\/carta\/wp-json\/wp\/v2\/types\/page"}],"author":[{"embeddable":true,"href":"https:\/\/www.cbm.df.gov.br\/carta\/wp-json\/wp\/v2\/users\/1"}],"replies":[{"embeddable":true,"href":"https:\/\/www.cbm.df.gov.br\/carta\/wp-json\/wp\/v2\/comments?post=86"}],"version-history":[{"count":70,"href":"https:\/\/www.cbm.df.gov.br\/carta\/wp-json\/wp\/v2\/pages\/86\/revisions"}],"predecessor-version":[{"id":1656,"href":"https:\/\/www.cbm.df.gov.br\/carta\/wp-json\/wp\/v2\/pages\/86\/revisions\/1656"}],"wp:attachment":[{"href":"https:\/\/www.cbm.df.gov.br\/carta\/wp-json\/wp\/v2\/media?parent=86"}],"wp:term":[{"taxonomy":"folder","embeddable":true,"href":"https:\/\/www.cbm.df.gov.br\/carta\/wp-json\/wp\/v2\/folder?post=86"}],"curies":[{"name":"wp","href":"https:\/\/api.w.org\/{rel}","templated":true}]}}