{"id":2271,"date":"2023-05-30T16:15:43","date_gmt":"2023-05-30T19:15:43","guid":{"rendered":"https:\/\/www.cbm.df.gov.br\/corregedoria\/?page_id=2271"},"modified":"2024-01-22T17:36:36","modified_gmt":"2024-01-22T20:36:36","slug":"cartilhas","status":"publish","type":"page","link":"https:\/\/www.cbm.df.gov.br\/compras\/cartilhas\/","title":{"rendered":"4. Apostilas"},"content":{"rendered":"<p>Com vistas a fomentar o conhecimento a respeito dos procedimentos que devem ser seguidos quando se almeja iniciar um processo de utiliza\u00e7\u00e3o de atas dentro do CBMDF, foram elaboradas a Apostila de Solicita\u00e7\u00e3o de Utiliza\u00e7\u00e3o de Atas e a Apostila de Planejamento de Contrata\u00e7\u00f5es.<\/p>\n<p style=\"text-align: center;\"><span style=\"color: #999999;\"><em>Clique no link a seguir para ter acesso \u00e0 Apostila de Solicita\u00e7\u00e3o de Utiliza\u00e7\u00e3o de Atas<\/em><\/span><\/p>\n\n\n<figure class=\"wp-block-image aligncenter size-full\"><a href=\"https:\/\/www.cbm.df.gov.br\/compras\/wp-content\/uploads\/2023\/12\/Apostila-Ata-Final.pdf\"><img fetchpriority=\"high\" decoding=\"async\" width=\"500\" height=\"366\" src=\"https:\/\/www.cbm.df.gov.br\/compras\/wp-content\/uploads\/2023\/10\/IMAGEM_GERAL_COMPRAS.jpg\" alt=\"\" class=\"wp-image-2410\" srcset=\"https:\/\/www.cbm.df.gov.br\/compras\/wp-content\/uploads\/2023\/10\/IMAGEM_GERAL_COMPRAS.jpg 500w, https:\/\/www.cbm.df.gov.br\/compras\/wp-content\/uploads\/2023\/10\/IMAGEM_GERAL_COMPRAS-300x220.jpg 300w\" sizes=\"(max-width: 500px) 100vw, 500px\" \/><\/a><\/figure>\n\n\n<h5 style=\"text-align: center;\"><a href=\"https:\/\/www.cbm.df.gov.br\/compras\/wp-content\/uploads\/2023\/12\/Apostila-Ata-Final.pdf\" target=\"_blank\" rel=\"noopener\">Apostila de Solicita\u00e7\u00e3o de Utiliza\u00e7\u00e3o de Atas<\/a><\/h5>\n<p>\u00a0<\/p>\n<p style=\"text-align: center;\"><span style=\"color: #999999;\"><em>Clique no link a seguir para ter acesso \u00e0 Apostila de Orientativa para Aquisi\u00e7\u00f5es<\/em><\/span><\/p>\n<p><a href=\"https:\/\/www.cbm.df.gov.br\/compras\/wp-content\/uploads\/2023\/12\/Planejando-sua-contratacao.pdf\"><img decoding=\"async\" class=\" wp-image-2522 aligncenter\" src=\"https:\/\/www.cbm.df.gov.br\/compras\/wp-content\/uploads\/2023\/12\/ORIENTANDO-SUA-COMPRA-1-300x271.jpg\" alt=\"\" width=\"481\" height=\"435\" srcset=\"https:\/\/www.cbm.df.gov.br\/compras\/wp-content\/uploads\/2023\/12\/ORIENTANDO-SUA-COMPRA-1-300x271.jpg 300w, https:\/\/www.cbm.df.gov.br\/compras\/wp-content\/uploads\/2023\/12\/ORIENTANDO-SUA-COMPRA-1-768x693.jpg 768w, https:\/\/www.cbm.df.gov.br\/compras\/wp-content\/uploads\/2023\/12\/ORIENTANDO-SUA-COMPRA-1.jpg 998w\" sizes=\"(max-width: 481px) 100vw, 481px\" \/><\/a><\/p>\n<h5 style=\"text-align: center;\"><a href=\"https:\/\/www.cbm.df.gov.br\/compras\/wp-content\/uploads\/2023\/12\/Planejando-sua-contratacao.pdf\">Apostila Orientativa para Aquisi\u00e7\u00f5es na Modalidade Preg\u00e3o em sua forma eletr\u00f4nica<\/a><\/h5>\n<p>\u00a0<\/p>\n<p style=\"text-align: center;\"><span style=\"color: #999999;\"><em>Clique no link a seguir para ter acesso ao Manual de Suprimento de Fundos<\/em><\/span><\/p>\n<p><a href=\"https:\/\/www.cbm.df.gov.br\/compras\/wp-content\/uploads\/2024\/01\/OFICIAL_MANUAL-SUPRIMENTO-DE-FUNDOS-CBMDF-BG-112-DE-14-06-2019.pdf\"><img decoding=\"async\" class=\"aligncenter wp-image-2627\" src=\"https:\/\/www.cbm.df.gov.br\/compras\/wp-content\/uploads\/2024\/01\/SUPRIMENTO-DE-FUNDOS-1-241x300.jpg\" alt=\"\" width=\"476\" height=\"592\" srcset=\"https:\/\/www.cbm.df.gov.br\/compras\/wp-content\/uploads\/2024\/01\/SUPRIMENTO-DE-FUNDOS-1-241x300.jpg 241w, https:\/\/www.cbm.df.gov.br\/compras\/wp-content\/uploads\/2024\/01\/SUPRIMENTO-DE-FUNDOS-1.jpg 652w\" sizes=\"(max-width: 476px) 100vw, 476px\" \/><\/a><\/p>\n<h5 style=\"text-align: center;\"><a href=\"https:\/\/www.cbm.df.gov.br\/compras\/wp-content\/uploads\/2024\/01\/OFICIAL_MANUAL-SUPRIMENTO-DE-FUNDOS-CBMDF-BG-112-DE-14-06-2019.pdf\">Manual de Suprimento de Fundos do CBMDF<\/a><\/h5>\n\n\n<div style=\"height:100px\" aria-hidden=\"true\" class=\"wp-block-spacer\"><\/div>\n","protected":false},"excerpt":{"rendered":"<p>Com vistas a fomentar o conhecimento a respeito dos procedimentos que devem ser seguidos quando se almeja iniciar um processo de utiliza\u00e7\u00e3o de atas dentro do CBMDF, foram elaboradas a Apostila de Solicita\u00e7\u00e3o de Utiliza\u00e7\u00e3o de Atas e a Apostila de Planejamento de Contrata\u00e7\u00f5es. Clique no link a seguir para ter acesso \u00e0 Apostila de [&hellip;]<\/p>\n","protected":false},"author":1,"featured_media":0,"parent":0,"menu_order":0,"comment_status":"closed","ping_status":"closed","template":"","meta":{"footnotes":""},"class_list":["post-2271","page","type-page","status-publish","hentry"],"blocksy_meta":[],"_links":{"self":[{"href":"https:\/\/www.cbm.df.gov.br\/compras\/wp-json\/wp\/v2\/pages\/2271","targetHints":{"allow":["GET"]}}],"collection":[{"href":"https:\/\/www.cbm.df.gov.br\/compras\/wp-json\/wp\/v2\/pages"}],"about":[{"href":"https:\/\/www.cbm.df.gov.br\/compras\/wp-json\/wp\/v2\/types\/page"}],"author":[{"embeddable":true,"href":"https:\/\/www.cbm.df.gov.br\/compras\/wp-json\/wp\/v2\/users\/1"}],"replies":[{"embeddable":true,"href":"https:\/\/www.cbm.df.gov.br\/compras\/wp-json\/wp\/v2\/comments?post=2271"}],"version-history":[{"count":29,"href":"https:\/\/www.cbm.df.gov.br\/compras\/wp-json\/wp\/v2\/pages\/2271\/revisions"}],"predecessor-version":[{"id":2632,"href":"https:\/\/www.cbm.df.gov.br\/compras\/wp-json\/wp\/v2\/pages\/2271\/revisions\/2632"}],"wp:attachment":[{"href":"https:\/\/www.cbm.df.gov.br\/compras\/wp-json\/wp\/v2\/media?parent=2271"}],"curies":[{"name":"wp","href":"https:\/\/api.w.org\/{rel}","templated":true}]}}